uppose -z*b + h = -67, 3*b - h - 30 = 3*h. Calculate the remainder when 166 is divided by b.
12
Suppose 10*v - 84 = 6*v. Calculate the remainder when 76 is divided by v.
13
Suppose 0 = 5*m - 15, s + m - 49 = 3*m. Suppose s + 261 = 4*b. What is the remainder when b is divided by 20?
19
Let u(z) = z**2 + 6*z + 6. Suppose -18 = -2*i + 38. Let d = 77 - i. What is the remainder when d is divided by u(-7)?
10
Suppose 0*z - z + 19 = 0. Let b be 1/(-2)*-4 - (-32)/(-16). Suppose 3*d - 5*d + 150 = b. What is the remainder when d is divided by z?
18
Let m be (-1 - -2 - 3)*-1. Suppose -m*a + 4*h - 102 = -h, -2*h = -4. Let s = -11 - a. What is the remainder when s is divided by 9?
8
Suppose -3*i + 5*c = -24 - 3, 0 = -5*i - 4*c + 8. Suppose -i*y = 4*u, -4*u + 2*y - 25 = y. What is the remainder when (3 - (u - -1)) + -3 is divided by 3?
1
Let q(n) = 25*n**2 + 11*n - 18. Let u be q(2). Let s = -51 + u. What is the remainder when 105 is divided by s?
52
Let u be 6*(26/12 - 2). Let q = -17 + u. Calculate the remainder when 15 is divided by (q/2)/(-1 + 0).
7
Let d = 15 - 29. Let z = -21 - -11. Let k = z - d. What is the remainder when 13 is divided by k?
1
Let s(w) = -w**3 + 8*w**2 - 3*w + 7. Suppose -2*p = 3*p + 80. Let v be (-4)/p - 54/(-8). Calculate the remainder when s(v) is divided by 19.
16
Calculate the remainder when 30 is divided by -4 + (17 - 1 - 4) - 0.
6
Suppose 35*o + 22*o = 8094. Calculate the remainder when o is divided by 8.
6
Suppose 7*w - 42 = 35. Suppose -10*x + w*x = 88. Calculate the remainder when x is divided by 46.
42
Suppose -20*d + 640 = -1540. What is the remainder when d is divided by 55?
54
Suppose 3*x = 4*u - 130, 10*u - 8*u - 3*x = 68. Calculate the remainder when u is divided by 21.
10
Let i(t) = -7*t**2 - 57*t - 1. Suppose -2*a = 2*a - 20. Calculate the remainder when 64/a - 3/(-15) is divided by i(-8).
6
Let m be -2*(1 + -3) + 1. Suppose m*d - 176 = -26. Calculate the remainder when 118 is divided by d.
28
Let q(g) = 14*g + 2. Let j be q(2). Let b = j + -11. What is the remainder when 71 is divided by b?
14
Let w = -732 - -799. Calculate the remainder when 933 is divided by w.
62
Let d be (-40 + 0)*138/(-115). Suppose 4*m = 2*l - 28, 5*l + 0*l + m - d = 0. Calculate the remainder when 79 is divided by l.
9
Calculate the remainder when 138 is divided by (-138)/2*5*16/(-120).
0
Let p = 294 - 285. Calculate the remainder when 42 is divided by p.
6
Let p(l) = 5*l + 3. Let u(o) = -o**2 - 3*o + 1. Let g be u(-2). Calculate the remainder when 67 is divided by p(g).
13
Suppose 9*m + 9 - 90 = 0. Calculate the remainder when m is divided by ((-1)/(-2))/(1/12).
3
Suppose -133*b = -75*b - 29638. Calculate the remainder when b is divided by 103.
99
Let p(u) be the second derivative of -2*u**3/3 - 5*u**2 + 8*u. Calculate the remainder when p(-7) is divided by 7.
4
Calculate the remainder when 62 is divided by (-3)/((-2)/66*(3 - 0)).
29
Suppose 0 = -2*m - 4, 0 = 4*f + m - 5*m - 140. What is the remainder when 98 is divided by f?
32
Let c(n) = -n**2 + 8*n + 19. Calculate the remainder when 91 is divided by c(7).
13
Suppose -2*l + 82 + 136 = 0. Let n = l + -15. What is the remainder when n is divided by 32?
30
Let u = 80 - 58. Let y be 7/(-4) - (-12)/(-48). Calculate the remainder when -1*(y + 3)*-63 is divided by u.
19
What is the remainder when 216 is divided by (46/6)/(26/78)?
9
Suppose -4*x = -14 + 2. Suppose 47*k = 53*k - 12. Suppose -x*r + 195 = k*r. Calculate the remainder when r is divided by 21.
18
Suppose 2*g - 3*g + 50 = 0. Suppose g = 4*t - 26. Suppose s - 11 = -1. Calculate the remainder when t is divided by s.
9
Suppose 3*s = 2*s + 3. Suppose s*d = -2*d + 40. Calculate the remainder when 15 is divided by d.
7
Suppose 265 = 30*l - 1235. What is the remainder when 248 is divided by l?
48
Suppose -3*k + 187 = -104. Suppose -w + 2*h + 15 = -18, 3*w - 5*h = k. Calculate the remainder when w is divided by 10.
9
Suppose -6*f + 48 = 6. Calculate the remainder when 10 is divided by f.
3
What is the remainder when 51 is divided by ((-2)/6)/((-495)/486 + 1)?
15
Let d(g) = 9*g - 25. Suppose 0 = -s - 3*m + 84, 3*s - 5*m + 256 = 6*s. Suppose 37 = -5*p + s. Calculate the remainder when d(p) is divided by 17.
14
Let v = 40 - 37. Suppose -5*k = -2*p - 8 + 1, -v*p = 2*k + 1. Calculate the remainder when k is divided by 1.
0
What is the remainder when (-10304)/(-24) + (-3)/9 is divided by 48?
45
Suppose g + 0 + 4 = b, -12 = -2*b + g. Suppose 2*a = 5*r + 11, 5*a + 5*r - 88 = -b. Calculate the remainder when a is divided by 5.
3
Let t(f) be the second derivative of 35*f**4/12 - f**3/2 + f**2 + 5*f. Let m be t(1). Suppose 0*i = -2*i + m. Calculate the remainder when i is divided by 5.
2
Let u = -122 - -164. Calculate the remainder when u is divided by 19.
4
Suppose -y = -10 - 18. Let c = 0 - -15. What is the remainder when y is divided by c?
13
Suppose 4*s = -3*z + 388, 5*s - 44 = -z + 78. What is the remainder when z is divided by 15?
12
Suppose -10 = -2*f + 8. Suppose -f*n = -12*n + 606. Calculate the remainder when n is divided by 41.
38
Let z(b) = 9*b + 3. Let p = -18 + 26. Suppose -2*f + p = -2*i + 4*i, -5*f = -5*i - 40. Calculate the remainder when z(f) is divided by 12.
9
Suppose -8 + 62 = 18*n. Suppose n*o - 13*o = -1530. Calculate the remainder when o is divided by 26.
23
Let x(a) = a**3 - 6*a**2 + 5*a - 1. Let b be x(5). What is the remainder when 195 is divided by 30 + -5 - (b - 2)?
27
Calculate the remainder when 21 is divided by (2/(-6))/((-9)/54).
1
Let x = -218 - -237. What is the remainder when 65 is divided by x?
8
Suppose 0*y = 11*y - 231. Calculate the remainder when 35 is divided by y.
14
Let w = -3 - 3. Let c = -12 - w. What is the remainder when 109 is divided by ((-24)/15)/(c/105)?
25
Suppose 3 = 3*r + 6. Calculate the remainder when 19 is divided by 8 + -1 + 2 - r.
9
Let g(q) = -14*q**3 + q**2 + 2*q + 1. Suppose 0 = -d - 29*z + 34*z + 28, 4*d = 4*z + 96. What is the remainder when d is divided by g(-1)?
9
Let f(b) = b**2 + 8*b - 26. Let r be f(-11). Let v(q) = -q**3 + 9*q**2 - 6*q - 7. Suppose 2*x - 3*x + 26 = 0. Calculate the remainder when v(r) is divided by x.
23
Suppose 4*w - 3*s = w + 51, -5*w + 77 = -s. Suppose 9*n + 43 = 304. What is the remainder when n is divided by w?
14
Let h(q) = q**2 + 15*q + 2. Let b be h(-15). What is the remainder when 116 is divided by (0 - 24 - b)*(-9)/6?
38
Suppose -254 + 184 = -7*s. Calculate the remainder when 307 is divided by s.
7
Let y(n) = 18*n**3 + 2*n**2 - 1. Suppose 4*p + 40 = 6*p. Let g be 6/5 + (-4)/p. What is the remainder when y(g) is divided by 11?
8
Suppose -f + 32 = a, -3*a - 3*f + 68 = -a. Let x = 83 - 43. Let j = x - a. Calculate the remainder when 23 is divided by j.
11
Let p(f) = 2*f**2 - 2*f + 2. Let g = -9568 + 9581. What is the remainder when p(-7) is divided by g?
10
Suppose 0 = 3*g + 5*q - 62, 4*g - 72 = q - 5*q. Suppose -g*y + 324 = -17*y. What is the remainder when (y/45)/(4/(-50)) is divided by 16?
14
Let j = -252 - -430. Calculate the remainder when j is divided by 45.
43
Let g = -1357 - -349. What is the remainder when 94 is divided by g/(-21)*(-1)/((-6)/4)?
30
Let v = 2 + -2. Suppose -4*p + 5*n = -23, -1 = -5*p - v*n - 3*n. Suppose 5*f - z = 18 + 23, -p*z + 26 = 2*f. Calculate the remainder when f is divided by 4.
1
Suppose 3*o - 45 = -4*y, -5*y - 4*o + 27 = -28. What is the remainder when 55 is divided by y?
10
Suppose -3*d - w - 195 = 0, -d = -0*d - w + 69. Let x = d + 93. Suppose 2*o - 12 = 8. What is the remainder when x is divided by o?
7
Let r(b) = -4*b - 16. Let n be r(-13). Let q be (-24)/40 + n/10. Suppose -q*d = 3*u + u - 107, 0 = -5*u - 20. Calculate the remainder when d is divided by 11.
8
Suppose 459 = 11*d + 382. Let r(f) = f**2 - f. Calculate the remainder when r(4) is divided by d.
5
Suppose -o - 9*r + 8*r + 451 = 0, 0 = 4*o - 4*r - 1764. What is the remainder when o is divided by 45?
41
Let p = 8 + -4. Suppose 0 = -p*f + 4, d + 3 = -f + 12. Let k(w) = w**3 + 7*w**2 - 2*w - 9. What is the remainder when d is divided by k(-7)?
3
Let r(x) be the first derivative of x**4/4 + 5*x**3/3 - x**2 - 7*x - 9. Suppose 250 = -0*k + 5*k. What is the remainder when k is divided by r(-4)?
16
Let b(x) = 18*x - 24. What is the remainder when 135 is divided by 